0*j - 6 + j - 2. Let o be a(6). Suppose 2 = -o*x + x. List the prime factors of x.
2
Let c(p) = 9*p + 1. Let m(s) = -10*s - 1. Let q(i) = -3*c(i) - 4*m(i). What are the prime factors of q(1)?
2, 7
What are the prime factors of (-3)/(-3) + (29 - -2)?
2
Suppose 0 = -4*x + o - 6, -o = 3*o - 8. What are the prime factors of x*2/(-3)*15?
2, 5
Let q(f) be the first derivative of f**2 + f + 4. Let z be q(3). Let v(w) = -w**3 + 8*w**2 - 7*w + 10. What are the prime factors of v(z)?
2, 5
Let q = 29 - 18. What are the prime factors of q?
11
Suppose -j + 32 = 1. List the prime factors of j.
31
Suppose -3*d = 2*d + 35. Let p = -14 - d. List the prime factors of -1 + p/((-14)/24).
11
Suppose -2*b + 57 = 2*b + 5*d, 17 = 4*b - 3*d. What are the prime factors of (4/5)/(b/100)?
2, 5
Let j(b) = 2*b**2 - 7*b + 6. Let a be j(7). Suppose -a = -5*w - 5*r, -3*w + 10 = r - 19. List the prime factors of w.
3
Let j(h) = -h**2 + 6. Let u be j(0). Suppose 0*w + 3*w = 18. Suppose 0 = w*s - 3*s - u. What are the prime factors of s?
2
Let p = 0 + 2. Suppose 0 = p*x - 4*s - 34, 0 = -5*x + 4*s + 64 - 3. What are the prime factors of x?
3
Let z be 5/2 - 12/(-8). Suppose 3*q = -k + 20, 3*q - z*k - 25 = -0*k. What are the prime factors of q?
7
Let i(n) = -6*n - 2. Let q(y) = 6*y + 2. Let c(d) = -5*i(d) - 6*q(d). Let f be c(-3). What are the prime factors of (f/(-20))/(2/(-25))?
2, 5
Let b(v) = -v**3 - 3*v**2 + 3. Let s be b(-2). Let y(f) = -24*f + 2. List the prime factors of y(s).
2, 13
Let s be (1 - (-11)/(-5))*-40. Suppose -2*k = 2*t, -4*t + 3*k + 20 = -8. Suppose t*j = -0*j + s. What are the prime factors of j?
2, 3
What are the prime factors of (-1864)/(-20) - 2/10?
3, 31
Let k(i) = -2*i + 1. Let a be k(2). Let n be ((-68)/3)/(a/9). Suppose -3*h + n = h. What are the prime factors of h?
17
Suppose m + 67 = 4*t, -2*m - 109 = -4*t - 43. What are the prime factors of t?
17
Let d = 19 + -15. List the prime factors of d.
2
Let s(x) = 10*x. Let a be s(1). Let n = a - 5. Suppose 0 = n*d + r - 2*r - 27, -3*d + r = -15. What are the prime factors of d?
2, 3
Let c(t) = t**2 + t + 2. Let u be c(0). Let k(p) = 2*p**3 + 2*p. List the prime factors of k(u).
2, 5
Let b(n) = n**3 - 18*n**2 + 3*n - 9. List the prime factors of b(18).
3, 5
List the prime factors of (20 + -5)/((-3)/(-5)).
5
List the prime factors of (-10)/(-25) - 1314/(-15).
2, 11
Let y(z) = -10*z - 4. What are the prime factors of y(-6)?
2, 7
Let m = 64 + -34. Suppose s - 4 = -m. Let d = s + 36. What are the prime factors of d?
2, 5
Suppose 40 = 2*n - 88. Let s = n + -37. List the prime factors of s.
3
Suppose -u = 3*i - 43, 0*i + 4*u + 23 = i. List the prime factors of i.
3, 5
Let v be 0*((-3)/(-6) - 1). Suppose 0*g - 3*o = -g + 44, v = 2*g + 3*o - 52. Let f = -13 + g. List the prime factors of f.
19
Suppose q = 3*f - 100 - 245, -f + 5*q + 101 = 0. List the prime factors of f.
2, 29
Let l be ((-36)/(-10))/((-2)/(-25)). Let u = 99 - l. What are the prime factors of u?
2, 3
Let c be (0 - -3)/(3/2). Suppose -c*b + 4*k + 7 = -9, 14 = 4*b - 2*k. List the prime factors of b.
2
Let l(t) be the first derivative of -2*t**2 - 2 + 4/3*t**3 + 3*t - 1/4*t**4. What are the prime factors of l(2)?
3
Let r = -18 - -24. List the prime factors of r.
2, 3
Let m(z) = z - 4. Let b be m(6). Let t be (-3 - -20) + -4 + b. Suppose 2*k + 3 = t. What are the prime factors of k?
2, 3
Let d = 0 + -4. Let t(c) = c**3 + 4*c**2 + 2. Let n be t(d). Suppose n*q = 1 + 3. List the prime factors of q.
2
Let u be 5/((-15)/114)*1. Let h = -14 - u. What are the prime factors of h?
2, 3
Suppose -4*f + 3*j + 249 = 0, 0 = 4*f + 2*j + j - 279. List the prime factors of f.
2, 3, 11
Let x(r) = -r - 4. Let z be x(-6). Suppose -z*h + h + 4 = 0. What are the prime factors of h?
2
Let s = 3 + -1. Suppose 2 = -s*h + 6. Suppose h*j - 18 = -3*z + z, 0 = -j + 3. List the prime factors of z.
2, 3
Let v = -69 - 1. Let o = -28 - v. What are the prime factors of o?
2, 3, 7
Let t = 0 + -8. Let m = t - -11. What are the prime factors of m?
3
Suppose 5*f = -3*q + 9 + 16, -3*q = -15. Suppose 2*k = f*y + 3*y - 12, y - 8 = -k. Suppose -c = -m + 2*c - k, 2*m + 2*c - 32 = 0. List the prime factors of m.
11
Suppose 7*b - 8*b = -19. List the prime factors of b.
19
Let a = -8 + 11. Suppose 2 = a*l + 8. Let t(v) = -2*v. List the prime factors of t(l).
2
Let a(g) = g**3 + 5*g**2 - 6*g + 5. Let o be a(-6). Let k be (-2)/3*(-18)/4. Suppose -o*w + 38 = 3*d - k*w, -d - 3*w + 22 = 0. What are the prime factors of d?
2, 5
Let k = -25 - -5. Let w = 8 - k. What are the prime factors of w?
2, 7
Let u(z) = -36*z - 89. Let j(b) = 7*b + 18. Let t(c) = -11*j(c) - 2*u(c). List the prime factors of t(-8).
2, 5
Let u be ((-38)/(-2))/(5/(-10)). Let f = -23 - u. What are the prime factors of f?
3, 5
Suppose 582 = -z + 4*z. List the prime factors of z.
2, 97
Let q(i) = 12*i - 1. Let g be q(1). Suppose u + 21 = -2*u. Let b = g + u. What are the prime factors of b?
2
Suppose -130 = -5*b - 0*b. List the prime factors of b.
2, 13
Suppose 13*a = 11*a + 180. What are the prime factors of a?
2, 3, 5
Let h(a) = 0*a - a**2 + 2 + 0*a - 6*a**2 - a**3. What are the prime factors of h(-7)?
2
Let w(s) = -8*s**3 - s - 1. Let a be w(-2). Suppose a = 5*n + 20. List the prime factors of n.
3
Let r(a) = -3 - 2 - 6 - 2*a. What are the prime factors of r(-9)?
7
Suppose 0 = -w - 3 - 3. Let g(i) = -7*i - 21. What are the prime factors of g(w)?
3, 7
Let k = 22 + -18. List the prime factors of k.
2
Let b(h) = -h + 4. What are the prime factors of b(-4)?
2
Suppose -4*i = n - 2*n - 5, 3*i - 12 = -2*n. Suppose -5*b + 63 = -5*v - 2*b, -i*v = 4*b + 20. List the prime factors of (4 - 2)*v/(-3).
2
Let b(p) = 4*p - 5. Let m be b(-6). Let t = -13 - m. List the prime factors of t.
2
Suppose 35 = 3*r - 25. Suppose -3*l - 2*l = -2*j + r, -40 = -4*j - l. List the prime factors of j.
2, 5
Let q(k) = -k**3 - 10*k**2 + 10*k + 5. Let d(t) = -t**2 - 4*t + 10. Let m be d(-7). What are the prime factors of q(m)?
2
Let x(r) = -r**3 + 16*r**2 + 24*r + 14. List the prime factors of x(17).
7, 19
Suppose 7*s = 2*s - 60. Let c be ((-8)/s)/(1/24). List the prime factors of -2 + (c - 4/2).
2, 3
Suppose -3 = 2*a - 27. Suppose -s = 2*s - a. Suppose -22 = -s*w + 26. What are the prime factors of w?
2, 3
Let q be 2/7 - 3861/63. Let t = q + 85. What are the prime factors of t?
2, 3
Let s = -2 - -5. Suppose -3*v = 3*z - 3, 0*v - s*z - 7 = v. Suppose -n = -1 - v. What are the prime factors of n?
2, 3
List the prime factors of -1 + 5 + -8 + 86.
2, 41
Suppose 46 + 50 = x - 2*q, 0 = 5*x + 2*q - 504. Suppose 0 = -7*i + 12 + x. List the prime factors of i.
2
What are the prime factors of 56 + -3*1/3?
5, 11
Suppose -5*o - 9 - 1 = 0. What are the prime factors of o/(-4) - 18/(-4)?
5
Let c(y) = -y**2 + 10*y + 13. Let t be c(11). Suppose -2*k + 3*k - 16 = -t*p, -3*k = -3*p - 3. List the prime factors of k.
2, 3
Suppose z - 3*z + 56 = 0. Let p = z + -11. List the prime factors of p.
17
Let t(j) = 7 + 7 + 0*j**2 - j**3 - j**2. What are the prime factors of t(0)?
2, 7
List the prime factors of (-60)/(-8) + 18/(-12).
2, 3
Let z(y) = y**2 + y. Let c be z(1). Let x(m) = m**2 + 2*m + 3. Let l be x(-2). Suppose -60 = -l*s - c*s. What are the prime factors of s?
2, 3
Let i be (-130)/2*(3 + 65/(-25)). Let a = -16 + 9. Let c = a - i. What are the prime factors of c?
19
Let v(g) = -5*g**3 + g**2 - 1. Let k be v(-1). Suppose 3*j - 2*y - 3*y = 80, -j + k*y + 40 = 0. What are the prime factors of j?
2, 5
Let o = 3 - 1. Let z(b) be the third derivative of 7*b**4/24 - b**3/2 + b**2. What are the prime factors of z(o)?
11
Let k(n) be the third derivative of 0 - 2/3*n**3 - n**2 - 1/15*n**5 + 1/120*n**6 + 0*n + 1/12*n**4. What are the prime factors of k(4)?
2
Let v = 8 - 10. Let f be ((-5)/v - 2)*22. Suppose -f = -h - 2. What are the prime factors of h?
3
Let b(v) = -7*v - 9. Let r be b(-9). Let f = -38 + r. What are the prime factors of f?
2
Suppose -5*y = 2*l - 1071, -l = y - 289 + 76. List the prime factors of y.
5, 43
Suppose -130 = -2*c - 40. List the prime factors of c.
3, 5
Suppose -3 = -w - 2*w, -4*x + 7 = -w. Suppose -x*g = -3*g - 20. Let j = g + 33. List the prime factors of j.
13
Suppose -2*b - n - 182 = 0, 260 = -3*b + 7*n - 2*n. Let g be 1/(1*(-2)/b). Suppose -g = -k - 4*k. List the